{"id":1034,"date":"2024-01-24T13:23:54","date_gmt":"2024-01-24T16:23:54","guid":{"rendered":"https:\/\/desenvolvimento.bravo.st\/hbb\/?page_id=1034"},"modified":"2024-02-15T13:11:00","modified_gmt":"2024-02-15T16:11:00","slug":"requisicao-de-internacao-hospitalar","status":"publish","type":"page","link":"https:\/\/www.hbb.com.br\/site\/medicos\/requisicao-de-internacao-hospitalar\/","title":{"rendered":"Requisi\u00e7\u00e3o de Interna\u00e7\u00e3o Hospitalar"},"content":{"rendered":"","protected":false},"excerpt":{"rendered":"","protected":false},"author":1,"featured_media":0,"parent":143,"menu_order":0,"comment_status":"closed","ping_status":"closed","template":"","meta":{"_acf_changed":false,"footnotes":""},"acf":[],"_links":{"self":[{"href":"https:\/\/www.hbb.com.br\/site\/wp-json\/wp\/v2\/pages\/1034"}],"collection":[{"href":"https:\/\/www.hbb.com.br\/site\/wp-json\/wp\/v2\/pages"}],"about":[{"href":"https:\/\/www.hbb.com.br\/site\/wp-json\/wp\/v2\/types\/page"}],"author":[{"embeddable":true,"href":"https:\/\/www.hbb.com.br\/site\/wp-json\/wp\/v2\/users\/1"}],"replies":[{"embeddable":true,"href":"https:\/\/www.hbb.com.br\/site\/wp-json\/wp\/v2\/comments?post=1034"}],"version-history":[{"count":9,"href":"https:\/\/www.hbb.com.br\/site\/wp-json\/wp\/v2\/pages\/1034\/revisions"}],"predecessor-version":[{"id":2184,"href":"https:\/\/www.hbb.com.br\/site\/wp-json\/wp\/v2\/pages\/1034\/revisions\/2184"}],"up":[{"embeddable":true,"href":"https:\/\/www.hbb.com.br\/site\/wp-json\/wp\/v2\/pages\/143"}],"wp:attachment":[{"href":"https:\/\/www.hbb.com.br\/site\/wp-json\/wp\/v2\/media?parent=1034"}],"curies":[{"name":"wp","href":"https:\/\/api.w.org\/{rel}","templated":true}]}}